{"id":69,"date":"2020-06-02T14:52:17","date_gmt":"2020-06-02T14:52:17","guid":{"rendered":"http:\/\/web.natur.cuni.cz\/IMCF\/IMCF\/?page_id=69"},"modified":"2020-06-04T13:15:46","modified_gmt":"2020-06-04T13:15:46","slug":"team","status":"publish","type":"page","link":"https:\/\/imcf.natur.cuni.cz\/IMCF\/team\/","title":{"rendered":"Team"},"content":{"rendered":"\n<table id=\"tablepress-1\" class=\"tablepress tablepress-id-1 tbody-has-connected-cells\">\n<tbody class=\"row-striping row-hover\">\n<tr class=\"row-1\">\n\t<td colspan=\"2\" class=\"column-1\"><h3>Head of the facility<\/h3><\/td>\n<\/tr>\n<tr class=\"row-2\">\n\t<td class=\"column-1\"><img loading=\"lazy\" decoding=\"async\" src=\"http:\/\/web.natur.cuni.cz\/IMCF\/IMCF\/wp-content\/uploads\/2020\/06\/benda_ales-square100.jpg\" alt=\"\" width=\"100\" height=\"100\" class=\"alignnone size-full wp-image-70\" \/><\/td><td class=\"column-2\"><strong>Mgr. Ale\u0161 Benda, Ph.D.<\/strong><br \/>\n<em>Head of the facility, optical (fluorescence) microscopy<\/em><br \/>\n<img loading=\"lazy\" decoding=\"async\" src=\"http:\/\/web.natur.cuni.cz\/IMCF\/IMCF\/wp-content\/uploads\/2020\/06\/envelope-1.png\" alt=\"\" width=\"12\" height=\"12\" class=\"alignnone size-full wp-image-80\" \/> <a href=\"mailto:ales.benda@natur.cuni.cz\">ales.benda@natur.cuni.cz<\/a><br \/>\n<img loading=\"lazy\" decoding=\"async\" src=\"http:\/\/web.natur.cuni.cz\/IMCF\/IMCF\/wp-content\/uploads\/2020\/06\/phone.png\" alt=\"\" width=\"12\" height=\"12\" class=\"alignnone size-full wp-image-86\" \/> +420325873924<br \/>\n<img loading=\"lazy\" decoding=\"async\" src=\"http:\/\/imcf.natur.cuni.cz\/IMCF\/wp-content\/uploads\/2020\/07\/mobile_icon.png\" alt=\"\" width=\"12\" height=\"12\" class=\"alignnone size-full wp-image-614\" \/> +420735196355<\/td>\n<\/tr>\n<tr class=\"row-3\">\n\t<td colspan=\"2\" class=\"column-1\"><h3>Optical microscopy<\/h3><\/td>\n<\/tr>\n<tr class=\"row-4\">\n\t<td class=\"column-1\"><img loading=\"lazy\" decoding=\"async\" src=\"http:\/\/web.natur.cuni.cz\/IMCF\/IMCF\/wp-content\/uploads\/2022\/02\/Dalibor_Panek_100px.jpg\" alt=\"\" width=\"100\" height=\"100\" class=\"alignnone size-full wp-image-78\" \/><\/td><td class=\"column-2\"><strong>Ing. Dalibor P\u00e1nek, Ph.D.<\/strong><br \/>\n<em>Deputy Head of Optical (fluorescence) microscopy<\/em><br \/>\n<img loading=\"lazy\" decoding=\"async\" src=\"http:\/\/web.natur.cuni.cz\/IMCF\/IMCF\/wp-content\/uploads\/2020\/06\/envelope-1.png\" alt=\"\" width=\"12\" height=\"12\" class=\"alignnone size-full wp-image-80\" \/>  <a href=\"mailto:dalibor.panek@natur.cuni.cz\">dalibor.panek@natur.cuni.cz<\/a><br \/>\n<img loading=\"lazy\" decoding=\"async\" src=\"http:\/\/web.natur.cuni.cz\/IMCF\/IMCF\/wp-content\/uploads\/2020\/06\/phone.png\" alt=\"\" width=\"12\" height=\"12\" class=\"alignnone size-full wp-image-86\" \/>  +420325873940<br \/>\n<img loading=\"lazy\" decoding=\"async\" src=\"http:\/\/imcf.natur.cuni.cz\/IMCF\/wp-content\/uploads\/2020\/07\/mobile_icon.png\" alt=\"\" width=\"12\" height=\"12\" class=\"alignnone size-full wp-image-614\" \/> +420734367901<\/td>\n<\/tr>\n<tr class=\"row-5\">\n\t<td class=\"column-1\"><img loading=\"lazy\" decoding=\"async\" src=\"http:\/\/web.natur.cuni.cz\/IMCF\/IMCF\/wp-content\/uploads\/2020\/06\/proksova_foto-square100.jpg\" alt=\"\" width=\"100\" height=\"100\" class=\"alignnone size-full wp-image-89\" \/><\/td><td class=\"column-2\"><strong>Ing. Petra Prok\u0161ov\u00e1, Ph.D.<\/strong><br \/>\n<em>Optical (fluorescence) microscopy<\/em><br \/>\n<img loading=\"lazy\" decoding=\"async\" src=\"http:\/\/web.natur.cuni.cz\/IMCF\/IMCF\/wp-content\/uploads\/2020\/06\/envelope-1.png\" alt=\"\" width=\"12\" height=\"12\" class=\"alignnone size-full wp-image-80\" \/>  <a href=\"mailto:petra.proksova@natur.cuni.cz \">petra.proksova@natur.cuni.cz <\/a><br \/>\n<img loading=\"lazy\" decoding=\"async\" src=\"http:\/\/web.natur.cuni.cz\/IMCF\/IMCF\/wp-content\/uploads\/2020\/06\/phone.png\" alt=\"\" width=\"12\" height=\"12\" class=\"alignnone size-full wp-image-86\" \/>  +420325873940<\/td>\n<\/tr>\n<tr class=\"row-6\">\n\t<td class=\"column-1\"><img loading=\"lazy\" decoding=\"async\" src=\"http:\/\/imcf.natur.cuni.cz\/IMCF\/wp-content\/uploads\/2024\/04\/Jurkiewicz-100px.jpg\" alt=\"\" width=\"100\" height=\"100\" class=\"alignnone size-full wp-image-93\" \/><\/td><td class=\"column-2\"><strong>Piotr Jurkiewicz, Ph.D.<\/strong><br \/>\n<em>Optical (fluorescence) microscopy<\/em><br \/>\n<img loading=\"lazy\" decoding=\"async\" src=\"http:\/\/web.natur.cuni.cz\/IMCF\/IMCF\/wp-content\/uploads\/2020\/06\/envelope-1.png\" alt=\"\" width=\"12\" height=\"12\" class=\"alignnone size-full wp-image-80\" \/>  <a href=\"mailto:piotr.jurkiewicz@natur.cuni.cz\">piotr.jurkiewicz@natur.cuni.cz<\/a><br \/>\n<img loading=\"lazy\" decoding=\"async\" src=\"http:\/\/web.natur.cuni.cz\/IMCF\/IMCF\/wp-content\/uploads\/2020\/06\/phone.png\" alt=\"\" width=\"12\" height=\"12\" class=\"alignnone size-full wp-image-86\" \/>  +420325873923<br \/>\n<img loading=\"lazy\" decoding=\"async\" src=\"http:\/\/imcf.natur.cuni.cz\/IMCF\/wp-content\/uploads\/2020\/07\/mobile_icon.png\" alt=\"\" width=\"12\" height=\"12\" class=\"alignnone size-full wp-image-614\" \/> +420777456760<\/td>\n<\/tr>\n<tr class=\"row-7\">\n\t<td class=\"column-1\"><img loading=\"lazy\" decoding=\"async\" src=\"http:\/\/web.natur.cuni.cz\/IMCF\/IMCF\/wp-content\/uploads\/2020\/06\/fotka_olsinova-square100.jpg\" alt=\"\" width=\"100\" height=\"100\" class=\"alignnone size-full wp-image-72\" \/><\/td><td class=\"column-2\"><strong>Mgr. Marie Ol\u0161inov\u00e1, Ph.D<\/strong><br \/>\n<em>Optical (fluorescence) microscopy<\/em><br \/>\n<img loading=\"lazy\" decoding=\"async\" src=\"http:\/\/web.natur.cuni.cz\/IMCF\/IMCF\/wp-content\/uploads\/2020\/06\/envelope-1.png\" alt=\"\" width=\"12\" height=\"12\" class=\"alignnone size-full wp-image-80\" \/>  <a href=\"mailto:marie.olsinova@natur.cuni.cz\">marie.olsinova@natur.cuni.cz<\/a><br \/>\n<img loading=\"lazy\" decoding=\"async\" src=\"http:\/\/web.natur.cuni.cz\/IMCF\/IMCF\/wp-content\/uploads\/2020\/06\/phone.png\" alt=\"\" width=\"12\" height=\"12\" class=\"alignnone size-full wp-image-86\" \/>  +420325873940<br \/>\n<img loading=\"lazy\" decoding=\"async\" src=\"http:\/\/imcf.natur.cuni.cz\/IMCF\/wp-content\/uploads\/2020\/07\/mobile_icon.png\" alt=\"\" width=\"12\" height=\"12\" class=\"alignnone size-full wp-image-614\" \/> +420735196353<\/td>\n<\/tr>\n<tr class=\"row-8\">\n\t<td colspan=\"2\" class=\"column-1\"><h3>Electron microscopy<\/h3><\/td>\n<\/tr>\n<tr class=\"row-9\">\n\t<td class=\"column-1\"><img loading=\"lazy\" decoding=\"async\" src=\"http:\/\/imcf.natur.cuni.cz\/IMCF\/wp-content\/uploads\/2022\/03\/David_Liebl_100px.jpg\" alt=\"\" width=\"100\" height=\"100\" class=\"alignnone size-full wp-image-98\" \/><\/td><td class=\"column-2\"><strong>Mgr. David Liebl, Ph.D.<\/strong><br \/>\n<em>Electron microscopy <\/em><br \/>\n<img loading=\"lazy\" decoding=\"async\" src=\"http:\/\/web.natur.cuni.cz\/IMCF\/IMCF\/wp-content\/uploads\/2020\/06\/envelope-1.png\" alt=\"\" width=\"12\" height=\"12\" class=\"alignnone size-full wp-image-80\" \/>  <a href=\"mailto:david.liebl@natur.cuni.cz\">david.liebl@natur.cuni.cz<\/a><br \/>\n<img loading=\"lazy\" decoding=\"async\" src=\"http:\/\/web.natur.cuni.cz\/IMCF\/IMCF\/wp-content\/uploads\/2020\/06\/phone.png\" alt=\"\" width=\"12\" height=\"12\" class=\"alignnone size-full wp-image-86\" \/>  +420325873924<br \/>\n<\/td>\n<\/tr>\n<tr class=\"row-10\">\n\t<td class=\"column-1\"><img loading=\"lazy\" decoding=\"async\" src=\"http:\/\/web.natur.cuni.cz\/IMCF\/IMCF\/wp-content\/uploads\/2021\/03\/Jiri_Miksatko_100px.jpg\" alt=\"\" width=\"100\" height=\"100\" class=\"alignnone size-full wp-image-100\" \/><\/td><td class=\"column-2\"><strong>Ing. Ji\u0159\u00ed Mik\u0161\u00e1tko, Ph.D.<\/strong><br \/>\n<em>Electron microscopy<\/em><br \/>\n<img loading=\"lazy\" decoding=\"async\" src=\"http:\/\/web.natur.cuni.cz\/IMCF\/IMCF\/wp-content\/uploads\/2020\/06\/envelope-1.png\" alt=\"\" width=\"12\" height=\"12\" class=\"alignnone size-full wp-image-80\" \/>  <a href=\"mailto:jiri.miksatko@natur.cuni.cz\">jiri.miksatko@natur.cuni.cz<\/a><br \/>\n<img loading=\"lazy\" decoding=\"async\" src=\"http:\/\/web.natur.cuni.cz\/IMCF\/IMCF\/wp-content\/uploads\/2020\/06\/phone.png\" alt=\"\" width=\"12\" height=\"12\" class=\"alignnone size-full wp-image-86\" \/>  +420325873940<br \/>\n<img loading=\"lazy\" decoding=\"async\" src=\"http:\/\/imcf.natur.cuni.cz\/IMCF\/wp-content\/uploads\/2020\/07\/mobile_icon.png\" alt=\"\" width=\"12\" height=\"12\" class=\"alignnone size-full wp-image-614\" \/> +420777456759<\/td>\n<\/tr>\n<tr class=\"row-11\">\n\t<td class=\"column-1\"><img loading=\"lazy\" decoding=\"async\" src=\"http:\/\/imcf.natur.cuni.cz\/IMCF\/wp-content\/uploads\/2023\/04\/image.jpg\" alt=\"\" width=\"100\" height=\"100\" class=\"alignnone size-full wp-image-100\" \/><\/td><td class=\"column-2\"><strong>Ing. Daniela Popelkov\u00e1<\/strong><br \/>\n<em>Electron microscopy<\/em><br \/>\n<img loading=\"lazy\" decoding=\"async\" src=\"http:\/\/web.natur.cuni.cz\/IMCF\/IMCF\/wp-content\/uploads\/2020\/06\/envelope-1.png\" alt=\"\" width=\"12\" height=\"12\" class=\"alignnone size-full wp-image-80\" \/>  <a href=\"mailto:daniela.popelkova@natur.cuni.cz\">daniela.popelkova@natur.cuni.cz<\/a><br \/>\n<img loading=\"lazy\" decoding=\"async\" src=\"http:\/\/web.natur.cuni.cz\/IMCF\/IMCF\/wp-content\/uploads\/2020\/06\/phone.png\" alt=\"\" width=\"12\" height=\"12\" class=\"alignnone size-full wp-image-86\" \/>  +420325873923<\/td>\n<\/tr>\n<tr class=\"row-12\">\n\t<td class=\"column-1\"><img loading=\"lazy\" decoding=\"async\" src=\"http:\/\/imcf.natur.cuni.cz\/IMCF\/wp-content\/uploads\/2024\/09\/eva_durinova_100px.jpg\" alt=\"\" width=\"100\" height=\"100\" class=\"alignnone size-full wp-image-100\" \/><\/td><td class=\"column-2\"><strong>Mgr. Eva \u010eurinov\u00e1<\/strong><br \/>\n<em>Electron microscopy<\/em><br \/>\n<img loading=\"lazy\" decoding=\"async\" src=\"http:\/\/web.natur.cuni.cz\/IMCF\/IMCF\/wp-content\/uploads\/2020\/06\/envelope-1.png\" alt=\"\" width=\"12\" height=\"12\" class=\"alignnone size-full wp-image-80\" \/>  <a href=\"mailto:daniela.popelkova@natur.cuni.cz\">eva.durinova@natur.cuni.cz<\/a><br \/>\n<img loading=\"lazy\" decoding=\"async\" src=\"http:\/\/web.natur.cuni.cz\/IMCF\/IMCF\/wp-content\/uploads\/2020\/06\/phone.png\" alt=\"\" width=\"12\" height=\"12\" class=\"alignnone size-full wp-image-86\" \/>  +420325873923<br \/>\n<img loading=\"lazy\" decoding=\"async\" src=\"http:\/\/imcf.natur.cuni.cz\/IMCF\/wp-content\/uploads\/2020\/07\/mobile_icon.png\" alt=\"\" width=\"12\" height=\"12\" class=\"alignnone size-full wp-image-614\" \/> +420728632198<\/td>\n<\/tr>\n<tr class=\"row-13\">\n\t<td class=\"column-1\"><img loading=\"lazy\" decoding=\"async\" src=\"http:\/\/imcf.natur.cuni.cz\/IMCF\/wp-content\/uploads\/2025\/07\/vera_zak_100px.jpg\" alt=\"\" width=\"100\" height=\"100\" class=\"alignnone size-full wp-image-100\" \/><br \/>\n<\/td><td class=\"column-2\"><strong> Ing. Vera Zakamennaia <\/strong><br \/>\n<em>Electron microscopy<\/em><br \/>\n<img loading=\"lazy\" decoding=\"async\" src=\"http:\/\/web.natur.cuni.cz\/IMCF\/IMCF\/wp-content\/uploads\/2020\/06\/envelope-1.png\" alt=\"\" width=\"12\" height=\"12\" class=\"alignnone size-full wp-image-80\" \/>  <a href=\"mailto:sungurp@natur.cuni.cz\">zakamenv@natur.cuni.cz<\/a><br \/>\n<img loading=\"lazy\" decoding=\"async\" src=\"http:\/\/web.natur.cuni.cz\/IMCF\/IMCF\/wp-content\/uploads\/2020\/06\/phone.png\" alt=\"\" width=\"12\" height=\"12\" class=\"alignnone size-full wp-image-86\" \/>  +420325873923<br \/>\n<img loading=\"lazy\" decoding=\"async\" src=\"http:\/\/imcf.natur.cuni.cz\/IMCF\/wp-content\/uploads\/2020\/07\/mobile_icon.png\" alt=\"\" width=\"12\" height=\"12\" class=\"alignnone size-full wp-image-614\" \/> +420735196352<\/td>\n<\/tr>\n<tr class=\"row-14\">\n\t<td colspan=\"2\" class=\"column-1\"><h3>Flow cytometry<\/h3><\/td>\n<\/tr>\n<tr class=\"row-15\">\n\t<td class=\"column-1\"><img loading=\"lazy\" decoding=\"async\" src=\"http:\/\/web.natur.cuni.cz\/IMCF\/IMCF\/wp-content\/uploads\/2020\/06\/ondrej_honc-square100.jpg\" alt=\"\" width=\"100\" height=\"100\" class=\"alignnone size-full wp-image-101\" \/><\/td><td class=\"column-2\"><strong>Mgr. Ond\u0159ej Honc<\/strong><br \/>\n<em>Deputy Head of Flow cytometry<\/em><br \/>\n<img loading=\"lazy\" decoding=\"async\" src=\"http:\/\/web.natur.cuni.cz\/IMCF\/IMCF\/wp-content\/uploads\/2020\/06\/envelope-1.png\" alt=\"\" width=\"12\" height=\"12\" class=\"alignnone size-full wp-image-80\" \/>  <a href=\"mailto:ondrej.honc@natur.cuni.cz\">ondrej.honc@natur.cuni.cz<\/a><br \/>\n<img loading=\"lazy\" decoding=\"async\" src=\"http:\/\/web.natur.cuni.cz\/IMCF\/IMCF\/wp-content\/uploads\/2020\/06\/phone.png\" alt=\"\" width=\"12\" height=\"12\" class=\"alignnone size-full wp-image-86\" \/>  +420325873924<br \/>\n<img loading=\"lazy\" decoding=\"async\" src=\"http:\/\/imcf.natur.cuni.cz\/IMCF\/wp-content\/uploads\/2020\/07\/mobile_icon.png\" alt=\"\" width=\"12\" height=\"12\" class=\"alignnone size-full wp-image-614\" \/> +420735196354<\/td>\n<\/tr>\n<tr class=\"row-16\">\n\t<td class=\"column-1\"><img loading=\"lazy\" decoding=\"async\" src=\"http:\/\/imcf.natur.cuni.cz\/IMCF\/wp-content\/uploads\/2023\/04\/michaela_zazvorkova_100px.jpg\" alt=\"\" width=\"100\" height=\"100\" class=\"alignnone size-full wp-image-89\" \/><\/td><td class=\"column-2\"><strong>Michaela Kola\u0159\u00edk Z\u00e1zvorkov\u00e1<\/strong><br \/>\n<em>Flow cytometry<\/em><br \/>\n<img loading=\"lazy\" decoding=\"async\" src=\"http:\/\/web.natur.cuni.cz\/IMCF\/IMCF\/wp-content\/uploads\/2020\/06\/envelope-1.png\" alt=\"\" width=\"12\" height=\"12\" class=\"alignnone size-full wp-image-80\" \/>  <a href=\"mailto:zazvorm@natur.cuni.cz\">zazvorm@natur.cuni.cz<\/a><br \/>\n<img loading=\"lazy\" decoding=\"async\" src=\"http:\/\/web.natur.cuni.cz\/IMCF\/IMCF\/wp-content\/uploads\/2020\/06\/phone.png\" alt=\"\" width=\"12\" height=\"12\" class=\"alignnone size-full wp-image-86\" \/>  +420325873924<br \/>\n<img loading=\"lazy\" decoding=\"async\" src=\"http:\/\/imcf.natur.cuni.cz\/IMCF\/wp-content\/uploads\/2020\/07\/mobile_icon.png\" alt=\"\" width=\"12\" height=\"12\" class=\"alignnone size-full wp-image-614\" \/> +420734787085<\/td>\n<\/tr>\n<tr class=\"row-17\">\n\t<td colspan=\"2\" class=\"column-1\"><h3>Data analysis<\/h3><\/td>\n<\/tr>\n<tr class=\"row-18\">\n\t<td class=\"column-1\"><img loading=\"lazy\" decoding=\"async\" src=\"http:\/\/web.natur.cuni.cz\/IMCF\/IMCF\/wp-content\/uploads\/2021\/09\/zuzana_cockova_100px.jpg\" alt=\"\" width=\"100\" height=\"100\" class=\"alignnone size-full wp-image-98\" \/><\/td><td class=\"column-2\"><strong>RNDr. Zuzana \u010co\u010dkov\u00e1, Ph.D.<\/strong><br \/>\n<em>Data analysis<\/em><br \/>\n<img loading=\"lazy\" decoding=\"async\" src=\"http:\/\/web.natur.cuni.cz\/IMCF\/IMCF\/wp-content\/uploads\/2020\/06\/envelope-1.png\" alt=\"\" width=\"12\" height=\"12\" class=\"alignnone size-full wp-image-80\" \/>  <a href=\"mailto:zuzana.cockova@natur.cuni.cz\">zuzana.cockova@natur.cuni.cz<\/a><br \/>\n<img loading=\"lazy\" decoding=\"async\" src=\"http:\/\/web.natur.cuni.cz\/IMCF\/IMCF\/wp-content\/uploads\/2020\/06\/phone.png\" alt=\"\" width=\"12\" height=\"12\" class=\"alignnone size-full wp-image-86\" \/>  +420325873940<br \/>\n<img loading=\"lazy\" decoding=\"async\" src=\"http:\/\/imcf.natur.cuni.cz\/IMCF\/wp-content\/uploads\/2020\/07\/mobile_icon.png\" alt=\"\" width=\"12\" height=\"12\" class=\"alignnone size-full wp-image-614\" \/> +420777456763<\/td>\n<\/tr>\n<tr class=\"row-19\">\n\t<td class=\"column-1\"><img decoding=\"async\" src=\"http:\/\/imcf.natur.cuni.cz\/IMCF\/wp-content\/uploads\/2025\/11\/pozgay-100px.jpeg\" \/> <\/td><td class=\"column-2\"><strong>Richard Po\u017egay<\/strong><br \/>\n<em>Data analysis and IT support<\/em><br \/>\n<img loading=\"lazy\" decoding=\"async\" src=\"http:\/\/web.natur.cuni.cz\/IMCF\/IMCF\/wp-content\/uploads\/2020\/06\/envelope-1.png\" alt=\"\" width=\"12\" height=\"12\" class=\"alignnone size-full wp-image-80\" \/>  <a href=\"mailto:richard.pozgay@natur.cuni.cz\">richard.pozgay@natur.cuni.cz<\/a><br \/>\n<img loading=\"lazy\" decoding=\"async\" src=\"http:\/\/imcf.natur.cuni.cz\/IMCF\/wp-content\/uploads\/2020\/07\/mobile_icon.png\" alt=\"\" width=\"12\" height=\"12\" class=\"alignnone size-full wp-image-614\" \/> +420608633940<\/td>\n<\/tr>\n<tr class=\"row-20\">\n\t<td colspan=\"2\" class=\"column-1\"><h3>Administrative support<\/h3><\/td>\n<\/tr>\n<tr class=\"row-21\">\n\t<td class=\"column-1\"><img loading=\"lazy\" decoding=\"async\" src=\"http:\/\/web.natur.cuni.cz\/IMCF\/IMCF\/wp-content\/uploads\/2021\/03\/Kristyna_Kadlecova_100px.png\" alt=\"\" width=\"100\" height=\"100\" class=\"alignnone size-full wp-image-98\" \/><\/td><td class=\"column-2\"><strong>Krist\u00fdna Kadlecov\u00e1<\/strong><br \/>\n<em>Administrative assistant<\/em><br \/>\n<img loading=\"lazy\" decoding=\"async\" src=\"http:\/\/web.natur.cuni.cz\/IMCF\/IMCF\/wp-content\/uploads\/2020\/06\/envelope-1.png\" alt=\"\" width=\"12\" height=\"12\" class=\"alignnone size-full wp-image-80\" \/>  <a href=\"mailto:kadlecokr@natur.cuni.cz\">kadlecokr@natur.cuni.cz<\/a><br \/>\n<img loading=\"lazy\" decoding=\"async\" src=\"http:\/\/web.natur.cuni.cz\/IMCF\/IMCF\/wp-content\/uploads\/2020\/06\/phone.png\" alt=\"\" width=\"12\" height=\"12\" class=\"alignnone size-full wp-image-86\" \/>  +420325873924<br \/>\n<img loading=\"lazy\" decoding=\"async\" src=\"http:\/\/imcf.natur.cuni.cz\/IMCF\/wp-content\/uploads\/2020\/07\/mobile_icon.png\" alt=\"\" width=\"12\" height=\"12\" class=\"alignnone size-full wp-image-614\" \/> +420777456761<\/td>\n<\/tr>\n<\/tbody>\n<\/table>\n<!-- #tablepress-1 from cache -->\n","protected":false},"excerpt":{"rendered":"","protected":false},"author":1,"featured_media":0,"parent":0,"menu_order":0,"comment_status":"closed","ping_status":"closed","template":"sidebar-page.php","meta":{"ngg_post_thumbnail":0,"footnotes":""},"class_list":["post-69","page","type-page","status-publish","hentry"],"featured_image_src":null,"_links":{"self":[{"href":"https:\/\/imcf.natur.cuni.cz\/IMCF\/wp-json\/wp\/v2\/pages\/69","targetHints":{"allow":["GET"]}}],"collection":[{"href":"https:\/\/imcf.natur.cuni.cz\/IMCF\/wp-json\/wp\/v2\/pages"}],"about":[{"href":"https:\/\/imcf.natur.cuni.cz\/IMCF\/wp-json\/wp\/v2\/types\/page"}],"author":[{"embeddable":true,"href":"https:\/\/imcf.natur.cuni.cz\/IMCF\/wp-json\/wp\/v2\/users\/1"}],"replies":[{"embeddable":true,"href":"https:\/\/imcf.natur.cuni.cz\/IMCF\/wp-json\/wp\/v2\/comments?post=69"}],"version-history":[{"count":8,"href":"https:\/\/imcf.natur.cuni.cz\/IMCF\/wp-json\/wp\/v2\/pages\/69\/revisions"}],"predecessor-version":[{"id":132,"href":"https:\/\/imcf.natur.cuni.cz\/IMCF\/wp-json\/wp\/v2\/pages\/69\/revisions\/132"}],"wp:attachment":[{"href":"https:\/\/imcf.natur.cuni.cz\/IMCF\/wp-json\/wp\/v2\/media?parent=69"}],"curies":[{"name":"wp","href":"https:\/\/api.w.org\/{rel}","templated":true}]}}