{"id":1048,"date":"2022-05-02T14:57:12","date_gmt":"2022-05-02T14:57:12","guid":{"rendered":"http:\/\/imcf.natur.cuni.cz\/IMCF\/?page_id=1048"},"modified":"2022-05-05T07:40:38","modified_gmt":"2022-05-05T07:40:38","slug":"2022-imcf-user-meeting","status":"publish","type":"page","link":"https:\/\/imcf.natur.cuni.cz\/IMCF\/2022-imcf-user-meeting\/","title":{"rendered":"2022 IMCF User Meeting"},"content":{"rendered":"\n<h3 class=\"wp-block-heading\">June 15, 2022<\/h3>\n\n\n\n<p>This year we focus our packed program on both, the education and inspiration, so that the attendance of the meeting can be directly translated into planning your next experiments and in writing your grant proposals.<\/p>\n\n\n\n<p>In case you cannot participate in person, we will also broadcast the lectures via Zoom. The Zoom link will be sent to the registered participants before the event. Note please, the refreshment will be provided for registered users only.<\/p>\n\n\n\n<p>Please register for the event <a href=\"https:\/\/docs.google.com\/forms\/d\/1OcZqNZH-rh0sExciaKzDOwm9D7csSI_pjQnoDEPpWDI\/viewform\" target=\"_blank\" rel=\"noreferrer noopener\">here<\/a>. <br>We encourage all IMCF users to spend a few moments to fill in a brief <a href=\"https:\/\/docs.google.com\/forms\/d\/1odqL3nOjjQDzKEhx0gkPjx1eRzH7PmLGl1AC2TKfp-c\/viewform\" target=\"_blank\" rel=\"noreferrer noopener\">user feedback form<\/a>.<\/p>\n\n\n\n<h2 class=\"wp-block-heading\">Program<\/h2>\n\n\n\n<p>BIOCEV, Green and Red Conference Halls (U1.037 and U1.038)<\/p>\n\n\n\n<table id=\"tablepress-18\" class=\"tablepress tablepress-id-18\">\n<tbody>\n<tr class=\"row-1\">\n\t<td class=\"column-1\"><font color=\"#288a8a\">8:45 - 09:00<\/font><\/td><td class=\"column-2\"><font color=\"#288a8a\">Morning refreshment \u2013 pastry, coffee and tea<\/font><\/td>\n<\/tr>\n<tr class=\"row-2\">\n\t<td class=\"column-1\">09:00 - 09:10<\/td><td class=\"column-2\">Present and future of IMCF \u2013 we need your feedback to match your needs and expectations! <br \/>\n<font color=\"598BAF\"> Ale\u0161 Benda<\/font><\/td>\n<\/tr>\n<tr class=\"row-3\">\n\t<td class=\"column-1\">09:10 - 9:40<\/td><td class=\"column-2\">Flow cytometry session<br \/>\n- Overview of cytometry services we offer to you<br \/>\n- When to go spectral?<br \/>\n- 10 most common flow cytometry mistakes to avoid<br \/>\n<font color=\"598BAF\"> Ond\u0159ej Honc<\/font><\/td>\n<\/tr>\n<tr class=\"row-4\">\n\t<td class=\"column-1\">9:40 - 10:45<\/td><td class=\"column-2\">Light microscopy session<br \/>\n- Brief overview of light microscopy services we offer to you <br \/>\n<font color=\"598BAF\">&nbsp;&nbsp;Ale\u0161 Benda<\/font><br \/>\n- Practical guide for super-resolution @ IMCF<br \/>\n<font color=\"598BAF\">&nbsp;&nbsp;Ale\u0161 Benda<\/font><br \/>\n- Label-free imaging @ IMCF <br \/>\n<font color=\"598BAF\">&nbsp;&nbsp;Dalibor P\u00e1nek<\/font><br \/>\n- Inspiration from our users<br \/>\n&emsp;<font color=\"598BAF\">Alexander Beber <\/font>\u2013 example of IR laser cutting<br \/>\n&emsp;<font color=\"598BAF\">Marek Ladislav <\/font>\u2013 example of 3D STORM<\/td>\n<\/tr>\n<tr class=\"row-5\">\n\t<td class=\"column-1\"><font color=\"#288a8a\">10:45 - 11:00<\/font><\/td><td class=\"column-2\"><font color=\"#288a8a\">Coffee Break and informal discussion<\/font><\/td>\n<\/tr>\n<tr class=\"row-6\">\n\t<td class=\"column-1\">11:00 - 12:00<\/td><td class=\"column-2\">Electron microscopy session<br \/>\n- Short overview of electron microscopy services we offer to you<br \/>\n<font color=\"598BAF\">&nbsp;&nbsp;David Liebl<\/font><br \/>\n- Volume EM \u2013 practical guide for 3D imaging @ IMCF <br \/>\n<font color=\"598BAF\">&nbsp;&nbsp;Mark\u00e9ta Daleck\u00e1 <\/font><br \/>\n- User case on Volume EM (CLEM, FIB-SEM)<br \/>\n<font color=\"598BAF\">&nbsp;&nbsp;Jana Petrusov\u00e1 <\/font>\u2013 \"The edge of the seminiferous tubule\"<br \/>\n- Cryo-TEM \u2013 how to get frozen @ IMCF <br \/>\n<font color=\"598BAF\">&nbsp;&nbsp;Ji\u0159\u00ed Mik\u0161\u00e1tko <\/font><br \/>\n- User case on cryo-TEM <br \/>\n<font color=\"598BAF\">&nbsp;&nbsp;Jana Nedv\u011bdov\u00e1 <\/font><br \/>\n<\/td>\n<\/tr>\n<tr class=\"row-7\">\n\t<td class=\"column-1\">12:00 - 12:30<\/td><td class=\"column-2\">Image data analysis session \u2013 discover knowledge in data  <br \/>\n- What do we mean by image data analysis services?<br \/>\n- Software and hardware tools available at IMCF <br \/>\n- Case studies from EM and LM field <br \/>\n<font color=\"598BAF\"> Zuzana \u010co\u010dkov\u00e1, Anna Agafonov\u00e1<\/font><\/td>\n<\/tr>\n<\/tbody>\n<\/table>\n<!-- #tablepress-18 from cache -->\n\n\n\n<p><\/p>\n","protected":false},"excerpt":{"rendered":"<p>June 15, 2022 This year we focus our packed program on both, the education and inspiration, so that the attendance of the meeting can be directly translated into planning your next experiments and in writing your grant proposals. In case &hellip; <a href=\"https:\/\/imcf.natur.cuni.cz\/IMCF\/2022-imcf-user-meeting\/\">Continue reading <span class=\"meta-nav\">&rarr;<\/span><\/a><\/p>\n","protected":false},"author":3,"featured_media":0,"parent":0,"menu_order":0,"comment_status":"closed","ping_status":"closed","template":"","meta":{"ngg_post_thumbnail":0,"footnotes":""},"class_list":["post-1048","page","type-page","status-publish","hentry"],"featured_image_src":null,"_links":{"self":[{"href":"https:\/\/imcf.natur.cuni.cz\/IMCF\/wp-json\/wp\/v2\/pages\/1048","targetHints":{"allow":["GET"]}}],"collection":[{"href":"https:\/\/imcf.natur.cuni.cz\/IMCF\/wp-json\/wp\/v2\/pages"}],"about":[{"href":"https:\/\/imcf.natur.cuni.cz\/IMCF\/wp-json\/wp\/v2\/types\/page"}],"author":[{"embeddable":true,"href":"https:\/\/imcf.natur.cuni.cz\/IMCF\/wp-json\/wp\/v2\/users\/3"}],"replies":[{"embeddable":true,"href":"https:\/\/imcf.natur.cuni.cz\/IMCF\/wp-json\/wp\/v2\/comments?post=1048"}],"version-history":[{"count":8,"href":"https:\/\/imcf.natur.cuni.cz\/IMCF\/wp-json\/wp\/v2\/pages\/1048\/revisions"}],"predecessor-version":[{"id":1106,"href":"https:\/\/imcf.natur.cuni.cz\/IMCF\/wp-json\/wp\/v2\/pages\/1048\/revisions\/1106"}],"wp:attachment":[{"href":"https:\/\/imcf.natur.cuni.cz\/IMCF\/wp-json\/wp\/v2\/media?parent=1048"}],"curies":[{"name":"wp","href":"https:\/\/api.w.org\/{rel}","templated":true}]}}

<h3 class="wp-block-heading">June 15, 2022</h3>



<p>This year we focus our packed program on both, the education and inspiration, so that the attendance of the meeting can be directly translated into planning your next experiments and in writing your grant proposals.</p>



<p>In case you cannot participate in person, we will also broadcast the lectures via Zoom. The Zoom link will be sent to the registered participants before the event. Note please, the refreshment will be provided for registered users only.</p>



<p>Please register for the event <a href="https://docs.google.com/forms/d/1OcZqNZH-rh0sExciaKzDOwm9D7csSI_pjQnoDEPpWDI/viewform" target="_blank" rel="noreferrer noopener">here</a>. <br>We encourage all IMCF users to spend a few moments to fill in a brief <a href="https://docs.google.com/forms/d/1odqL3nOjjQDzKEhx0gkPjx1eRzH7PmLGl1AC2TKfp-c/viewform" target="_blank" rel="noreferrer noopener">user feedback form</a>.</p>



<h2 class="wp-block-heading">Program</h2>



<p>BIOCEV, Green and Red Conference Halls (U1.037 and U1.038)</p>



<table id="tablepress-18" class="tablepress tablepress-id-18">
<tbody>
<tr class="row-1">
	<td class="column-1"><font color="#288a8a">8:45 - 09:00</font></td><td class="column-2"><font color="#288a8a">Morning refreshment – pastry, coffee and tea</font></td>
</tr>
<tr class="row-2">
	<td class="column-1">09:00 - 09:10</td><td class="column-2">Present and future of IMCF – we need your feedback to match your needs and expectations! <br />
<font color="598BAF"> Aleš Benda</font></td>
</tr>
<tr class="row-3">
	<td class="column-1">09:10 - 9:40</td><td class="column-2">Flow cytometry session<br />
- Overview of cytometry services we offer to you<br />
- When to go spectral?<br />
- 10 most common flow cytometry mistakes to avoid<br />
<font color="598BAF"> Ondřej Honc</font></td>
</tr>
<tr class="row-4">
	<td class="column-1">9:40 - 10:45</td><td class="column-2">Light microscopy session<br />
- Brief overview of light microscopy services we offer to you <br />
<font color="598BAF">&nbsp;&nbsp;Aleš Benda</font><br />
- Practical guide for super-resolution @ IMCF<br />
<font color="598BAF">&nbsp;&nbsp;Aleš Benda</font><br />
- Label-free imaging @ IMCF <br />
<font color="598BAF">&nbsp;&nbsp;Dalibor Pánek</font><br />
- Inspiration from our users<br />
&emsp;<font color="598BAF">Alexander Beber </font>– example of IR laser cutting<br />
&emsp;<font color="598BAF">Marek Ladislav </font>– example of 3D STORM</td>
</tr>
<tr class="row-5">
	<td class="column-1"><font color="#288a8a">10:45 - 11:00</font></td><td class="column-2"><font color="#288a8a">Coffee Break and informal discussion</font></td>
</tr>
<tr class="row-6">
	<td class="column-1">11:00 - 12:00</td><td class="column-2">Electron microscopy session<br />
- Short overview of electron microscopy services we offer to you<br />
<font color="598BAF">&nbsp;&nbsp;David Liebl</font><br />
- Volume EM – practical guide for 3D imaging @ IMCF <br />
<font color="598BAF">&nbsp;&nbsp;Markéta Dalecká </font><br />
- User case on Volume EM (CLEM, FIB-SEM)<br />
<font color="598BAF">&nbsp;&nbsp;Jana Petrusová </font>– "The edge of the seminiferous tubule"<br />
- Cryo-TEM – how to get frozen @ IMCF <br />
<font color="598BAF">&nbsp;&nbsp;Jiří Mikšátko </font><br />
- User case on cryo-TEM <br />
<font color="598BAF">&nbsp;&nbsp;Jana Nedvědová </font><br />
</td>
</tr>
<tr class="row-7">
	<td class="column-1">12:00 - 12:30</td><td class="column-2">Image data analysis session – discover knowledge in data  <br />
- What do we mean by image data analysis services?<br />
- Software and hardware tools available at IMCF <br />
- Case studies from EM and LM field <br />
<font color="598BAF"> Zuzana Čočková, Anna Agafonová</font></td>
</tr>
</tbody>
</table>
<!-- #tablepress-18 from cache -->



<p></p>
